Determine m(-6).
10
Let y(x) = -x**3 + 30*x**2 - 24*x - 158. Give y(29).
-13
Let o(z) = 20*z - 187. What is o(9)?
-7
Let y(m) = -m**2 - 43*m + 4992. Calculate y(-94).
198
Let g(v) = -2*v**2 + 28*v + 43. Calculate g(15).
13
Let n(w) = 3607*w + 72137. Calculate n(-20).
-3
Let a(s) = -1199*s + 10794. Give a(9).
3
Let l(x) = 7*x**3 + 2*x**2 - 9*x - 24. Determine l(-2).
-54
Let d(f) = f**3 + 29*f**2 - 222*f - 5703. What is d(-30)?
57
Let b(k) = -2*k**3 - 49*k**2 - 10*k + 345. Give b(-24).
9
Let l(v) = -2*v**2 - 12*v + 9. Determine l(-7).
-5
Let v(n) = 190*n**3 - 2*n**2 - 2*n + 1. Give v(-1).
-189
Let n(g) = 2*g**2 - 90*g - 229. Give n(48).
59
Let j(c) = c**2 + 8*c - 245. Determine j(-21).
28
Let t(u) = u**3 + 6*u**2 + 54*u + 18. Calculate t(-5).
-227
Let n(p) = 10*p**2 - 9*p - 32. What is n(6)?
274
Let h(w) = -w**3 + 4*w**2 - 5*w + 8. What is h(6)?
-94
Let q(w) = -w**3 - 15*w - 29. What is q(-4)?
95
Let g(o) = 2*o**2 - 15*o - 14. Give g(-3).
49
Let h(y) = 28*y**3 - y**2 - 142*y + 143. Give h(1).
28
Let a(w) = 942*w + 102680. Determine a(-109).
2
Let l(z) = 7*z**2 - 28*z - 4. Calculate l(3).
-25
Let d(n) = n**3 + 13*n**2 - 153*n + 35. Calculate d(-20).
295
Let a(h) = 21*h - 364. What is a(17)?
-7
Let r(o) = o**2 - 82*o + 1470. Calculate r(19).
273
Let g(k) = 7*k**3 + 92*k**2 + 11*k - 42. Determine g(-13).
-16
Let b(z) = -z**2 - 15*z + 97. Calculate b(-14).
111
Let w(n) = -4*n**2 - 103*n + 91. Calculate w(0).
91
Let v(q) = 122*q - 4090. Determine v(34).
58
Let c(j) = j**2 - 324*j + 7466. Give c(25).
-9
Let r(i) = i**3 + 45*i**2 - 62*i - 1145. Calculate r(-46).
-409
Let k(v) = v**2 + 4054*v + 28326. What is k(-7)?
-3
Let z(g) = 4*g**2 - 61*g + 16. Give z(15).
1
Let p(x) = -x**3 + 35*x**2 - 117*x - 250. Calculate p(31).
-33
Let r(b) = 65*b + 457. What is r(-7)?
2
Let d(q) = -q**3 - 3*q**2 - 9*q - 251. Determine d(-6).
-89
Let g(h) = 90*h + 659. What is g(-5)?
209
Let h(o) = -20*o**2 + 1016*o + 221. What is h(51)?
17
Let b(g) = g**3 + 51*g**2 - 141. Determine b(-51).
-141
Let w(s) = 6668*s - 13331. Give w(2).
5
Let k(u) = -3*u**3 + 244*u + 243. Calculate k(-1).
2
Let o(l) = 806*l - 3997. Determine o(5).
33
Let u(a) = a**2 + 5*a + 4. What is u(0)?
4
Let q(c) = -53*c + 478. What is q(9)?
1
Let d(y) = -y**2 - 414*y + 21159. What is d(-460)?
-1
Let x(i) = 60*i**2 + i - 1. What is x(-1)?
58
Let m(b) = -3*b**2 - 78*b + 585. Calculate m(8).
-231
Let k(h) = -h**3 - 52*h**2 - 605*h + 128. What is k(-18)?
2
Let p(t) = t**3 - 10*t**2 - 38*t + 432. Give p(9).
9
Let l(j) = 4*j - 264. Determine l(-8).
-296
Let h(k) = -46*k**2 - 1088*k + 416. What is h(-24)?
32
Let v(h) = -191*h + 194. Determine v(1).
3
Let c(r) = 2*r**3 - 126*r**2 + 1676*r - 183. What is c(44)?
-7
Let a(d) = -26*d + 2723. What is a(104)?
19
Let n(z) = -112*z - 3031. Give n(-27).
-7
Let i(o) = 1079*o - 7546. What is i(7)?
7
Let r(a) = -12*a**2 + 971*a - 972. Determine r(1).
-13
Let l(r) = -29*r - 112. What is l(8)?
-344
Let q(o) = 41*o**2 + 19*o + 19. What is q(-1)?
41
Let v(n) = 9*n**2 + 136*n + 9. Calculate v(-15).
-6
Let g(m) = m**3 - 31*m**2 + 240*m - 23. Give g(14).
5
Let f(y) = -y**2 - 695*y + 9212. Determine f(13).
8
Let b(o) = -19*o**3 + 168*o**2 - 322*o - 6. Calculate b(6).
6
Let o(k) = 51*k - 498. Calculate o(10).
12
Let l(d) = d**3 + 20*d**2 + 66*d - 117. Determine l(-6).
-9
Let o(a) = 3*a**2 + 97*a + 546. Calculate o(-25).
-4
Let r(d) = d**3 - 59*d**2 + 169*d - 57. What is r(56)?
-1
Let j(z) = -3874*z - 7756. Calculate j(-2).
-8
Let r(k) = 50*k**2 - 31*k. Determine r(1).
19
Let x(s) = 4*s**3 - 3*s - 4. Determine x(-1).
-5
Let s(c) = -c**3 - 9*c**2 - 99*c - 800. Give s(-8).
-72
Let n(j) = -8665*j + 86664. What is n(10)?
14
Let l(v) = -v**2 + 61*v - 877. Give l(39).
-19
Let z(h) = 6*h - 121. What is z(58)?
227
Let k(l) = 7*l**2 + 14*l + 1. Calculate k(-5).
106
Let v(t) = -632*t - 23. What is v(0)?
-23
Let c(w) = w**3 + 16*w**2 - 21*w - 78. Determine c(-17).
-10
Let t(z) = -z**3 + 222*z**2 + 1843*z + 24. Give t(-8).
0
Let n(u) = u**3 + 22*u**2 + 125*u - 17. Calculate n(-12).
-77
Let u(h) = 57*h**3 - 235*h - 233. What is u(-1)?
-55
Let f(p) = -p**2 - 284*p + 564. Calculate f(2).
-8
Let h(q) = -140*q - 5437. Give h(-39).
23
Let r(n) = 85*n - 15891. What is r(188)?
89
Let t(k) = 86*k + 1869. Determine t(-23).
-109
Let s(f) = 10*f - 12. Give s(7).
58
Let v(a) = -a**2 + 397*a + 5332. Give v(-13).
2
Let u(n) = 15*n**2 + 275*n - 840. Give u(-21).
0
Let t(w) = 5*w**2 - 62*w + 67. What is t(12)?
43
Let c(h) = -47*h**2 - 298*h + 20. Calculate c(-6).
116
Let l(f) = -f**2 + 42*f - 41. Determine l(31).
300
Let b(v) = -9*v**2 + 43*v + 4. Determine b(6).
-62
Let q(x) = 2427*x - 16994. What is q(7)?
-5
Let b(r) = -r**2 + 18*r + 10. What is b(18)?
10
Let l(v) = 8*v**3 + 189*v**2 - 273*v + 43. Determine l(-25).
-7
Let t(n) = n**3 + 21*n**2 - 38*n + 136. Give t(-23).
-48
Let o(f) = 305*f**2 - 1524*f - 1. What is o(5)?
4
Let m(t) = 6*t - 97. What is m(-10)?
-157
Let q(u) = -28*u**3 - 966*u + 965. Give q(1).
-29
Let v(x) = -x**2 - 86*x - 404. Give v(-5).
1
Let j(o) = o**2 - 254*o - 1036. What is j(-4)?
-4
Let u(v) = v**3 + 11*v**2 - 21*v - 249. Determine u(-11).
-18
Let m(p) = 252*p - 31751. What is m(126)?
1
Let z(v) = 326*v - 5146. Give z(16).
70
Let d(q) = 440*q - 4789. Give d(11).
51
Let g(y) = -16604*y - 49825. What is g(-3)?
-13
Let k(m) = m**2 - 11*m - 30. Give k(12).
-18
Let i(k) = k**3 - 4*k**2 - 177*k + 573. Give i(3).
33
Let z(w) = -w**3 + 103*w**2 + 323*w - 460. Give z(106).
70
Let d(a) = 2*a**2 - 60*a + 357. Give d(8).
5
Let a(q) = -539*q - 4308. Give a(-8).
4
Let i(q) = 23*q**2 - 5*q - 39. Calculate i(-1).
-11
Let k(s) = -1411*s + 11292. Calculate k(8).
4
Let n(y) = 11*y**2 + 57*y - 740. What is n(-11)?
-36
Let r(f) = f**2 + 72*f + 206. Calculate r(-68).
-66
Let q(w) = -w**2 + 73*w - 1343. Calculate q(41).
-31
Let s(w) = -w**2 - 398*w - 6504. Determine s(-17).
-27
Let v(f) = -408*f + 1039. What is v(2)?
223
Let w(z) = z**3 - z**2 - 427*z + 71. What is w(21)?
-76
Let j(i) = -i**3 + 9*i**2 + 29*i - 86. Give j(-4).
6
Let m(q) = q**3 + 14*q**2 + 25*q - 28. Determine m(-12).
-40
Let o(c) = -c**2 + 57*c - 317. Calculate o(7).
33
Let g(h) = 2*h**2 - 658. What is g(18)?
-10
Let q(w) = -2*w**3 - 3*w**2 + 2*w - 12. What is q(4)?
-180
Let i(k) = k**3 + 112*k**2 + 409*k - 2471. Give i(-108).
13
Let g(o) = -7*o**3 - 140*o**2 - 126*o + 132. Give g(-19).
-1
Let z(f) = 15*f**2 - 99*f + 556. Give z(6).
502
Let r(u) = 226*u - 28. Calculate r(2).
424
Let s(c) = 1345*c + 26915. Determine s(-20).
15
Let l(b) = 13*b**2 + 10*b - 79. Give l(-8).
673
Let p(f) = -f**2 - 34*f - 83. Give p(-31).
10
Let w(s) = -s**3 - 171*s**2 - 168*s + 286. What is w(-170)?
-54
Let t(v) = -26*v - 37. Give t(12).
-349
Let l(r) = 80*r**2 + 3*r + 11. What is l(-2)?
325
Let q(o) = -118*o + 29. What is q(3)?
-325
Let r(y) = -y**3 + 7*y**2 - y - 24. Determine r(8).
-96
Let z(f) = -2*f**2 - 18*f - 61. Give z(-8).
-45
Let w(f) = -7*f**2 + 146*f + 615. Give w(-4).
-81
Let c(a) = a**2 - 79*a - 77. Determine c(-1).
3
Let i(g) = -g**3 - 59*g**2 - 107*g + 398. Determine i(-57).
-1
Let t(n) = 3*n**2 - 8*n + 60. Calculate t(4).
76
Let g(q) = -360*q - 15. What is g(-1)?
345
Let r(m) = -m**3 - 21*m**2 - 106*m - 45. What is r(-13)?
-19
Let w(f) = 2*f**3 - 44*f**2 + 42*f + 3. Give w(21).
3
Let c(j) = -29*j**2 - 378*j + 853. Determine c(-15).
-2
Let t(k) = -242*k**2 + 2905*k - 35. Calculate t(12).
-23
Let l(x) = x**3 + 30*x**2 + 42*x + 414. Give l(-29).
37
Let o(m) = -m**3 - 58*m**2 - 58*m - 53. Calculate o(-57).
4
Let p(c) = -148*c**3 - 5*c**2 + 61*c + 67. Give p(-1).
149
Let f(w) = -2*w**3 + 35*w**2 - 8*w - 83. Calculate f(17).
70
Let n(w) = 6052*w + 96827. What is n(-16)?
-5
Let z(c) = -c**2 + 14*c - 72. What is z(11)?
-39
Let c(u) = -55*u + 12. Determine c(1).
-43
Let y(m) = -m**2 + 2267*m - 18047. Give y(8).
25
Let o(m) = 11*m**2 + 542*m - 380. Determine o(-50).
20
Let r(j) = 2*j**3 + 4*j**2 + 12*j + 7. What is r(-4)?
-105
Let d(u) = -u**2 - 46*u + 103. Give d(-58).
-593
Let v(c) = -30*c + 3851. What is v(129)?
-19
Let n(q) = -24*q**3 + 814*q**2 + 79*q - 377. What is n(34)?
-3
Let j(h) = 3498*h - 17487. Determine j(5).
3
Let k(p) = -p**2 - 3*p + 551. Determine k(22).
1
Let d(i) = 343*i + 3428. Determine d(-10).
-2
Let x(n) = 31*n + 4122. Determine x(-13